2
Suppose 1129457 = 50*t - 2089843. What is the tens digit of t?
8
Let o = 1570 - -3892. What is the units digit of o?
2
Let c = 10881 - 947. What is the hundreds digit of c?
9
Let i(r) = 19*r - 129. Let j be i(9). What is the tens digit of 7/2*1968/j?
6
Suppose 0 = 2*i - 36 + 6. Suppose 0 = -11*u + i*u. Suppose u = 4*v + 4*s - 684, 93 = v - 3*s - 58. What is the tens digit of v?
6
Suppose -3*x = j - x - 11, 1 = -j + 2*x. Suppose -j*p + 3 = z, 4*z - 3*p + 8 = 20. What is the units digit of 1 - (-2 + 344)*z/(-6)?
2
Let v(f) = -5*f - 2*f - f - 12*f - 2. Let w be v(-8). Suppose -118 = -6*m + w. What is the units digit of m?
6
Suppose 5*x - 2 = 18. Suppose x*q + 2830 = -4*a - 2050, 4*q = -5*a - 6101. What is the tens digit of a/(-27) - 14/63?
4
Let m = 51081 - 30702. What is the ten thousands digit of m?
2
Suppose 2*b + 81 = 5*t, -8*b = -12*b + 4*t - 132. Let p = b + 421. What is the hundreds digit of p?
3
Let j(p) = -2*p**2 + 4*p + 10. Let d be j(3). What is the tens digit of (d/(-8))/(-2*(-6)/(-3408))?
4
Let q = 4 + 0. Let l = -100 - -103. What is the units digit of -75*1*(l - q)?
5
Suppose 0 = 4*o - 3*r - 20067, 30*o = 26*o - 4*r + 20032. What is the tens digit of o?
1
Suppose -11*i + 0*i = -66. Suppose -3*v = -3*g + 486, -2*g + 324 = 3*v - i*v. What is the units digit of g?
2
Let q(z) = -578*z - 11426. What is the tens digit of q(-76)?
0
Suppose -1309 = -v - 1307. What is the tens digit of (166/4 + -5)*v?
7
Let r = -32114 - -46838. What is the ten thousands digit of r?
1
Let u(i) = -11*i**3 - 6*i**2 + i + 1. Let q be (-1)/1*(8 - 6) - 0. What is the tens digit of u(q)?
6
Let b = 8657 + -1105. Suppose m = -m - 3*h + 3013, 0 = 5*m + h - b. What is the tens digit of m?
1
Suppose 0 = -7*z + 1276 + 1363. Let j = z - -71. What is the units digit of j?
8
Suppose -5*n = -4*g - 1195, -7*n = -12*n + 5*g + 1200. Let v = n + -105. What is the units digit of v?
0
Let m(n) = -n**2 + 12*n - 13. Let f be m(10). Suppose -3*y + 2 + f = 0. Suppose 173 = -y*a + 416. What is the units digit of a?
1
Let v = -547 + 835. Let w be ((-2)/8)/((-8)/v). What is the tens digit of (366/w)/((-6)/(-9))?
6
Suppose 44*d + 300*d = 5734914 + 13834214. What is the hundreds digit of d?
8
What is the units digit of (-1577)/(-323) + (-6)/(-51)?
5
Suppose 0 = -134*s + 138*s - 40. Let n be (-1 + 1)/(s*5/25). Suppose -3*w = -n*w - 525. What is the tens digit of w?
7
Suppose -154 = 11*b - 33*b. What is the hundreds digit of 19*(-3 + 52 + b)?
0
Let c = -9650 + 19618. What is the units digit of c?
8
Let q(d) = 2*d**3 - 22*d**2 + 19*d + 31. Let a be q(10). What is the units digit of ((-28)/a)/(-1)*(15 + 0)?
0
Let b(w) = -188*w - 301*w - 1 - 86*w + 111*w. What is the units digit of b(-1)?
3
Let h = -1 - -4. Let a(r) = -7 + 7 + 14 + 50*r. What is the units digit of a(h)?
4
Suppose 123*d = 116*d - 35. Let y = 166 - 254. What is the tens digit of (y/10)/(1/d)?
4
Suppose -6780 = -244*f + 246*f. What is the hundreds digit of f/4*-1*12/15?
6
Let i(h) = -6751*h - 563. What is the hundreds digit of i(-1)?
1
Let f(x) be the second derivative of -x**4/12 - 11*x**3/6 + 49*x**2/2 + 7*x. Let p be f(-11). Let v = p - -44. What is the tens digit of v?
9
Let f(t) be the second derivative of -t**4/12 + t**3/3 + 3*t**2 + 3*t. Let v be f(3). What is the tens digit of (-4)/v*-111 + (1 - 3)?
4
Let h be 4 - -2*(-5 + 0 - -6). Suppose -5*i - 5*k + 5675 = 0, 5*i = h*k - 10*k + 5678. What is the units digit of i?
8
Let d = 10 - -189. Suppose -2*c = d - 919. What is the hundreds digit of c?
3
Let a be 1 + (17 - 10/(-5)). Let w be (-2860)/6 - (a/15 + -2). What is the tens digit of w/(-12) - 2/(-6)?
4
Let p be ((-44)/8)/(1 - 81/78). Let s = p - -11. What is the units digit of s?
4
Let s(a) = -4140*a - 11495. What is the hundreds digit of s(-14)?
4
Suppose 4*g - 5*g = -8*g. Let w(r) = -30 - 38*r + r**2 + 16*r + g*r**2 + 31*r. What is the tens digit of w(-16)?
8
Let a be (-2)/(-23) + 12552/69. Suppose 176*j = a*j - 3930. What is the hundreds digit of j?
6
Suppose 7*n + 10 = 31. Suppose 4078 - 838 = n*g. What is the tens digit of g?
8
Let b(p) = 339*p**3 + 3*p**2 - 77*p + 213. What is the tens digit of b(3)?
6
Let k(r) = r**3 + 19*r**2 + 34*r + 24. Let b be k(-17). Suppose -b*h = -14*h - 2840. What is the units digit of h?
4
Suppose 50 - 54 = x. What is the hundreds digit of (12/10)/(-1*x/540)?
1
Suppose -214*h + 2398968 = -82*h. What is the hundreds digit of h?
1
Suppose -r = -m - m - 16801, -4*m + 4*r = 33604. Let t be m/156 - (-2)/(-13). Let k = t + 127. What is the units digit of k?
3
Let h be ((-3)/9)/((-22)/462). Suppose 0 = h*b - b - 3234. What is the units digit of b?
9
Suppose -7*v + 8*v + 249 = 4*q, -2*q = v - 123. Suppose 1584 = q*x - 58*x. What is the tens digit of x?
9
Let d be (12/(-9))/(2/(-21)). Suppose d*y = 19*y - 3220. Suppose 2*g - 5*l = 343, 5*l = -4*g + l + y. What is the hundreds digit of g?
1
Suppose 10*s - 20756 = 7*s + 2*y, 3*y + 6928 = s. What is the units digit of s?
6
Let g be 4*-3*18/(-27). Suppose -8 = -4*c - x + g, 5*c - 2*x = 20. Suppose c*i + 4*j - 146 = 2*i, 4*i - 320 = -j. What is the units digit of i?
1
Let r be (48/(-3 - 3))/(-1). Suppose -d + 3*w = 115 - 528, -4*w + r = 0. What is the units digit of d?
9
Suppose -3*s - 5 = 1966. Let d = s - -961. What is the units digit of d?
4
Let d = -235 - -242. What is the hundreds digit of 10 - d - (-1*766)/2?
3
Suppose -4*w + 10 = -10. Suppose -w*b + b = -4*l + 824, 834 = 4*l + b. What is the hundreds digit of l?
2
Let d(i) = 10*i**3 - 4*i**2 - 9. What is the units digit of d(4)?
7
Let o = -71928 + 101169. What is the units digit of o?
1
Suppose -310 = -5*i - 2*f, 0*f - 271 = -4*i + 3*f. Let s = i + -64. Suppose -1095 = -5*g - 4*u, 1095 = 5*g + 2*u - s*u. What is the hundreds digit of g?
2
Suppose -4*w = -2*v - 8, -2 - 4 = 3*w. Let c(n) = 7*n**2 + 7*n - 33. What is the tens digit of c(v)?
5
Let p(x) = 79*x**2 + 346*x - 1. What is the tens digit of p(-10)?
3
Let t = 64 - 65. Let f be (-1 - t/4) + 117/156. Let q(m) = -m + 112. What is the units digit of q(f)?
2
Suppose -399 - 876 = -5*n + 5*u, 496 = 2*n + 5*u. Let c be (-13)/((-39)/(-198)) - 0. Let v = n + c. What is the tens digit of v?
8
Let j = 149 + -155. What is the units digit of (-156)/117 - 14/j?
1
What is the tens digit of ((27/36)/(1/(-69436)))/(16/(-16))?
7
Let r be 1042/4 + 24/16. Let c = r + -383. Let s = -8 - c. What is the hundreds digit of s?
1
Let x(v) = v**3 - 8*v**2 - 6*v + 8. Let h be x(9). Suppose -3*u + 41 = 2*a, 0 = 2*a + 6*u - u - h. What is the units digit of 676/10 - (-10)/a?
8
Let i = 431 + -387. Suppose -39*r - 1045 = -i*r. What is the tens digit of r?
0
Suppose 0 = -6*r + 2*r - m + 134, -4*m - 42 = -r. What is the tens digit of (-58)/493 - (-9830)/r?
8
Let j(k) = -6*k**2 - 4*k + 644. Let f(i) = 5*i**2 + 5*i - 645. Let v(r) = -5*f(r) - 4*j(r). What is the hundreds digit of v(0)?
6
Suppose -u + 3194 = 3*r, 5*r + 12768 = 4*u + 13*r. What is the hundreds digit of u?
1
Let l = 29164 - 13623. What is the thousands digit of l?
5
Let c = 132714 + -66338. What is the tens digit of c?
7
Let h(s) be the first derivative of s**3/3 + 4*s**2 + 64*s - 154. What is the units digit of h(0)?
4
Let w = -30 + 35. Suppose -w*q + 5*f = -40, 2*q + 4*f + 2 = q. What is the units digit of -5*(-142)/q - (-4)/6?
9
Let c(w) = 39*w**2 + 36*w - 127. What is the units digit of c(18)?
7
Let j = -34 + 37. Suppose -2*i - j*i - h = -8, -4*i - h = -6. Suppose i*a - 288 = -3*v - v, -3*v - 134 = -a. What is the hundreds digit of a?
1
Let y = -205 + 209. Suppose 0*p + 658 = p + y*s, 5*p - 3365 = -5*s. What is the hundreds digit of p?
6
Let q be (-2)/(-6)*(1 + 17). Suppose 7 + q = 13*o. What is the units digit of (10/25)/(o/15)?
6
Suppose 2*w - 6*k - 44 = -2*k, k + 2 = 0. Suppose w*a + 536 = 20*a + 2*u, -4*u + 808 = 3*a. What is the hundreds digit of a?
2
Let t(z) = -z**3 - 3*z**2 + 26*z + 14. Let s be t(-7). Suppose 46*k - s*k - 8442 = 0. What is the units digit of k?
9
Suppose 30*n - 26*n = 220. Let t = n + -48. Suppose t*x - 1152 = -11*x. What is the units digit of x?
4
Suppose 10*f - 9*f - 2*b + 6 = 0, 8 = 2*f + b. Suppose -200 = -4*l + 4*y, 2*y - f = -l + 42. What is the units digit of l?
8
Suppose -5*a = -4*z + 1 - 10, -3*a + 19 = z. Suppose z*j - 3 = -3*q + 108, 5*j - 37 = -q. What is the tens dig